9, 1663, 3319
What are the prime factors of 266778970?
2, 5, 239, 111623
What are the prime factors of 26265376?
2, 820793
List the prime factors of 1889184346.
2, 7, 227, 594457
What are the prime factors of 3122905542?
2, 3, 17, 29, 313, 3373
List the prime factors of 324295595.
5, 13, 331, 15073
List the prime factors of 2546544748.
2, 11, 181, 319757
List the prime factors of 20229003.
3, 61, 36847
What are the prime factors of 442332290?
2, 5, 317, 139537
List the prime factors of 397739357.
11923, 33359
What are the prime factors of 61040599?
139, 439141
What are the prime factors of 1990893373?
7, 37, 1098121
List the prime factors of 60399174.
2, 3, 11, 915139
What are the prime factors of 334249211?
334249211
List the prime factors of 884416664.
2, 151, 732133
List the prime factors of 112477496.
2, 1759, 7993
What are the prime factors of 102829623?
3, 13, 37, 71261
What are the prime factors of 203037521?
203037521
What are the prime factors of 4362329343?
3, 1454109781
What are the prime factors of 172589571?
3, 7, 11, 37, 53, 127
What are the prime factors of 450485669?
17, 2141, 12377
What are the prime factors of 618156887?
19, 89, 365557
List the prime factors of 809177659.
53, 1723, 8861
What are the prime factors of 99475983?
3, 11052887
What are the prime factors of 5326672962?
2, 3, 13, 29, 89, 26459
List the prime factors of 919052375.
5, 7352419
What are the prime factors of 660774475?
5, 23, 929, 1237
List the prime factors of 636758731.
7, 97, 937789
List the prime factors of 1744604037.
3, 11, 17622263
What are the prime factors of 193116709?
547, 353047
List the prime factors of 426385547.
7, 61, 998561
What are the prime factors of 253985919?
3, 11, 113, 68111
List the prime factors of 2924818880.
2, 5, 9140059
What are the prime factors of 691497764?
2, 179, 965779
List the prime factors of 52415932.
2, 673, 19471
List the prime factors of 13059645.
3, 5, 870643
What are the prime factors of 19519687?
11, 1774517
What are the prime factors of 355710922?
2, 7, 727, 34949
List the prime factors of 88791090.
2, 3, 5, 2959703
What are the prime factors of 20456337?
3, 11, 163, 3803
List the prime factors of 1809171533.
13, 10705157
What are the prime factors of 52084395?
3, 5, 11, 43, 2447
List the prime factors of 1674453068.
2, 2347, 178361
List the prime factors of 214127871.
3, 41, 1740877
List the prime factors of 186076963.
29, 6416447
What are the prime factors of 464788443?
3, 7, 22132783
What are the prime factors of 633045644?
2, 7, 11, 79, 26017
What are the prime factors of 1221783660?
2, 3, 5, 37, 183451
What are the prime factors of 11920879?
1399, 8521
List the prime factors of 3121863.
3, 17, 41, 1493
What are the prime factors of 48343258?
2, 19, 1272191
List the prime factors of 62387383.
62387383
What are the prime factors of 189740679?
3, 63246893
What are the prime factors of 51807983?
23, 227, 9923
What are the prime factors of 2638275255?
3, 5, 7, 11, 761407
List the prime factors of 1784300162.
2, 79, 11293039
What are the prime factors of 55723085?
5, 11, 349, 2903
List the prime factors of 2298332609.
2298332609
What are the prime factors of 7077163907?
11, 643378537
What are the prime factors of 89367854?
2, 31, 157, 9181
What are the prime factors of 214113058?
2, 107056529
List the prime factors of 94995662.
2, 1667, 28493
What are the prime factors of 456987228?
2, 3, 3433, 11093
List the prime factors of 92078907.
3, 41, 748609
List the prime factors of 222367839.
3, 74122613
What are the prime factors of 295477763?
7, 4093, 10313
List the prime factors of 2987877513.
3, 263, 1481, 2557
List the prime factors of 269761043.
23, 37, 53, 5981
What are the prime factors of 1232558469?
3, 9293, 14737
List the prime factors of 69830570.
2, 5, 6983057
What are the prime factors of 216550664?
2, 11, 2460803
What are the prime factors of 70497615?
3, 5, 827, 5683
List the prime factors of 39187876.
2, 7, 13, 199, 541
List the prime factors of 28974686.
2, 13, 67, 16633
What are the prime factors of 687250663?
11, 62477333
What are the prime factors of 268153500?
2, 3, 5, 53, 3373
List the prime factors of 99099833.
7, 1663, 8513
List the prime factors of 214317297.
3, 1223, 19471
List the prime factors of 912771447.
3, 7, 43465307
What are the prime factors of 555827?
555827
What are the prime factors of 363890321?
17, 21405313
What are the prime factors of 51478551?
3, 1906613
What are the prime factors of 354609081?
3, 101, 390109
List the prime factors of 37074486.
2, 3, 6179081
What are the prime factors of 270698519?
7, 13, 193, 15413
What are the prime factors of 3549526175?
5, 13, 23, 127, 3739
What are the prime factors of 761554598?
2, 7, 359, 151523
List the prime factors of 134160403.
13, 23, 448697
List the prime factors of 3633847382.
2, 11, 457, 361433
What are the prime factors of 179516822?
2, 37, 59, 41117
What are the prime factors of 1284683?
179, 7177
What are the prime factors of 174963883?
174963883
List the prime factors of 290162921.
107, 2711803
What are the prime factors of 57863457?
3, 137, 15643
List the prime factors of 57007216.
2, 7, 59, 8627
What are the prime factors of 437130908?
2, 8641, 12647
List the prime factors of 508024304.
2, 5399, 5881
List the prime factors of 3054289.
7, 109, 4003
List the prime factors of 215021748.
2, 3, 17918479
List the prime factors of 53230246.
2, 3221, 8263
What are the prime factors of 658413?
3, 7, 1493
What are the prime factors of 941549328?
2, 3, 43, 73, 2083
What are the prime factors of 168186747?
3, 29, 1933181
List the prime factors of 86892895.
5, 43, 47, 8599
List the prime factors of 4926526137.
3, 13, 59, 233, 1021
What are the prime factors of 86301910?
2, 5, 8630191
What are the prime factors of 166361190?
2, 3, 5, 31, 41, 4363
What are the prime factors of 3771385283?
113, 353, 94547
List the prime factors of 166422699.
3, 73, 253307
List the prime factors of 35339331.
3, 97, 121441
What are the prime factors of 69120153?
3, 7680017
List the prime factors of 114128430.
2, 3, 5, 13, 353, 829
What are the prime factors of 940447996?
2, 41, 5734439
List the prime factors of 562190635.
5, 67, 1678181
What are the prime factors of 145765952?
2, 193, 11801
List the prime factors of 607802056.
2, 4297, 17681
List the prime factors of 1436847976.
2, 179605997
List the prime factors of 1969008799.
17, 137, 845431
List the prime factors of 80626703.
80626703
List the prime factors of 1825684024.
2, 43, 5307221
List the prime factors of 55606956.
2, 3, 4633913
List the prime factors of 126777517.
17, 1531, 4871
What are the prime factors of 99697034?
2, 191, 260987
What are the prime factors of 17795485?
5, 3559097
What are the prime factors of 40972430?
2, 5, 23, 178141
List the prime factors of 513689971.
513689971
What are the prime factors of 25566039?
3, 19, 307, 487
What are the prime factors of 146532854?
2, 13, 127, 199, 223
List the prime factors of 2547945022.
2, 7, 131, 198469
List the prime factors of 661352290.
2, 5, 66135229
What are the prime factors of 3464104855?
5, 692820971
List the prime factors of 89408921.
7, 449, 28447
What are the prime factors of 19656557?
157, 125201
What are the prime factors of 318143235?
3, 5, 31, 47, 14557
What are the prime factors of 7455236?
2, 619, 3011
What are the prime factors of 62577277?
7, 61, 101, 1451
List the prime factors of 786643865.
5, 7, 37, 131, 4637
What are the prime factors of 29659475?
5, 17, 19, 3673
What are the prime factors of 46818651?
3, 11, 101, 1277
List the prime factors of 1741246209.
3, 103, 1878367
What are the prime factors of 42632866?
2, 41, 43, 107, 113
What are the prime factors of 170687139?
3, 7, 1161137
List the prime factors of 90560701.
7, 11, 1176113
What are the prime factors of 21141676?
2, 17, 73, 4259
List the prime factors of 45158561.
7, 6451223
What are the prime factors of 1321817560?
2, 5, 7, 4720777
List the prime factors of 3850156075.
5, 233, 307, 2153
What are the prime factors of 2007666883?
5101, 393583
List the prime factors of 6780689.
379, 17891
What are the prime factors of 175769843?
317, 647, 857
What are the prime factors of 789270105?
3, 5, 13, 4047539
What are the prime factors of 477246382?
2, 1531, 15586